{"id":5286,"date":"2017-11-02T00:58:11","date_gmt":"2017-11-01T23:58:11","guid":{"rendered":"http:\/\/canaryo.net\/portal\/?page_id=5286"},"modified":"2020-04-24T10:20:49","modified_gmt":"2020-04-24T10:20:49","slug":"kofferlager","status":"publish","type":"page","link":"https:\/\/canaryo.net\/portal\/reisebuero\/kofferlager\/","title":{"rendered":"Kofferlager"},"content":{"rendered":"<p>\u00a0<\/p>\n<p style=\"text-align: center;\"><a href=\"https:\/\/grancanariaconsult.com\/services\/index.php?route=product\/product&amp;path=66&amp;product_id=55\"><img loading=\"lazy\" class=\"aligncenter\" src=\"http:\/\/grancanariaconsult.com\/services\/image\/cache\/catalog\/Bilder\/kofferlager-900x900.JPG\" alt=\"\" width=\"175\" height=\"175\" \/><\/a><br \/>Kofferlager, Gep\u00e4cklager, Gep\u00e4ckaufbewahrung, Kleinlager mit Abholung und Anlieferung in Maspalomas (Gran Canaria) k\u00f6nnen Sie <a href=\"https:\/\/grancanariaconsult.com\/services\/index.php?route=product\/product&amp;path=66&amp;product_id=55\">[hier]<\/a> buchen.<\/p>\n<p style=\"text-align: center;\"><span style=\"color: #ffffff;\">Keepiz Kofferlager-Vermittlung f\u00fcr Spanien und Portugal<\/span><\/p>\n<p style=\"text-align: center;\">\u00a0<\/p>\n\n\n<p><\/p>\n","protected":false},"excerpt":{"rendered":"<p>\u00a0 Kofferlager, Gep\u00e4cklager, Gep\u00e4ckaufbewahrung, Kleinlager mit Abholung und Anlieferung in Maspalomas (Gran Canaria) k\u00f6nnen Sie [hier] buchen. Keepiz Kofferlager-Vermittlung f\u00fcr Spanien und Portugal \u00a0<\/p>\n","protected":false},"author":1,"featured_media":0,"parent":4953,"menu_order":10,"comment_status":"closed","ping_status":"closed","template":"","meta":[],"_links":{"self":[{"href":"https:\/\/canaryo.net\/portal\/wp-json\/wp\/v2\/pages\/5286"}],"collection":[{"href":"https:\/\/canaryo.net\/portal\/wp-json\/wp\/v2\/pages"}],"about":[{"href":"https:\/\/canaryo.net\/portal\/wp-json\/wp\/v2\/types\/page"}],"author":[{"embeddable":true,"href":"https:\/\/canaryo.net\/portal\/wp-json\/wp\/v2\/users\/1"}],"replies":[{"embeddable":true,"href":"https:\/\/canaryo.net\/portal\/wp-json\/wp\/v2\/comments?post=5286"}],"version-history":[{"count":8,"href":"https:\/\/canaryo.net\/portal\/wp-json\/wp\/v2\/pages\/5286\/revisions"}],"predecessor-version":[{"id":18758,"href":"https:\/\/canaryo.net\/portal\/wp-json\/wp\/v2\/pages\/5286\/revisions\/18758"}],"up":[{"embeddable":true,"href":"https:\/\/canaryo.net\/portal\/wp-json\/wp\/v2\/pages\/4953"}],"wp:attachment":[{"href":"https:\/\/canaryo.net\/portal\/wp-json\/wp\/v2\/media?parent=5286"}],"curies":[{"name":"wp","href":"https:\/\/api.w.org\/{rel}","templated":true}]}}